 y = -5 - -10. Suppose v - 10 = -9. What is the highest common factor of v and y?
1
Let y be ((-18)/(-8))/((-2)/(-48)). Let l(b) = -b**2 + 8*b - 10. Let v be l(4). Calculate the greatest common factor of v and y.
6
Let o = -192 + 317. Calculate the highest common factor of o and 25.
25
Suppose 3*y + 3*k = -0*y + 21, -3*y + 5*k + 61 = 0. Calculate the greatest common factor of y and 84.
12
Suppose 1 = w - 12. Suppose x + 104 = 3*x. What is the greatest common divisor of w and x?
13
Let b be 206/10 + -6*2/(-30). Calculate the greatest common factor of b and 168.
21
Let y = 5 + 3. Calculate the greatest common factor of 24 and y.
8
Let q be 2*-2*1/(-1). Suppose 7*a = -3*w + 2*a - 4, 0 = -q*w - a + 6. Suppose -w*i = -4*i + 22. Calculate the highest common factor of i and 77.
11
Let v(r) = -10*r + r**3 + 4*r + 0*r**2 - 6*r**2. Let b be v(7). Calculate the highest common divisor of 14 and b.
7
Suppose -5*w - 2*i + 27 = i, 5*w - 7 = 2*i. Suppose 0 = -2*s - w*p + 154, -p - 2*p = -5*s + 385. Calculate the highest common factor of 7 and s.
7
Let m(r) = 6*r**2 - 4*r + 2. Let q = 13 - 11. Let p be m(q). Calculate the highest common factor of 45 and p.
9
Suppose -5*v + 179 = 4*n, 3*n + 0*n + 137 = 4*v. Calculate the highest common factor of 5 and v.
5
Suppose 20*w = 22*w - 130. What is the highest common factor of 5 and w?
5
Let x = 162 + -154. Suppose r - 30 = 2. What is the greatest common factor of r and x?
8
Let r(x) = x + 11. Let f be r(-6). Calculate the highest common factor of 45 and f.
5
Suppose 2*t + 3*a - 823 = 38, 4*t - 1724 = -4*a. What is the highest common factor of 54 and t?
54
Let a(n) = -n**3 + 5*n**2 - 2*n - 2. Let x be a(4). What is the greatest common divisor of 18 and x?
6
Let p(r) = -r**3 + 8*r**2 + 14. Let j be p(8). What is the highest common factor of j and 35?
7
Suppose 56 - 17 = 3*v. Let w = 27 + v. What is the greatest common divisor of 10 and w?
10
Let l = 1 - -4. What is the greatest common divisor of l and 35?
5
Let x = -1 + 5. Suppose 0 = -4*d + x + 8. Let z(p) = p - 4. Let h be z(7). Calculate the highest common factor of h and d.
3
Let t be 0/1*2/4. Suppose 0 = -t*d - d + 52. Suppose j - d = -j. What is the greatest common factor of 26 and j?
26
Suppose -g - 8 = -3*g. Calculate the greatest common factor of g and 48.
4
Let j(t) = -3*t - 8. Let u be 22/(-4) - 6/4. Let g be j(u). Suppose 2*v + 2 = -2*z, -5*v + 0*z + g = -4*z. What is the highest common divisor of 8 and v?
1
Suppose 10 = b - 3*j, -2*j - 3 = 1. What is the greatest common factor of b and 8?
4
Suppose 5*j = 13 - 8. Calculate the greatest common divisor of j and 5.
1
Let h be (-15)/(-6) + -3*(-5)/(-10). Let g(v) = v + 2 + 2*v**3 + 5 - v**2 - v**3. Let t be g(0). Calculate the greatest common factor of h and t.
1
Let w(j) = j**3 - 13*j**2 - 2*j + 2. Let p be w(13). Let x = p - -34. Calculate the greatest common factor of 50 and x.
10
Suppose -24 = 4*t - 6*t. Calculate the highest common divisor of t and 12.
12
Suppose -4*d = -o + 7, 0 = -2*d + 3*d + 4*o + 6. Let j be d/5 - (-94)/10. Let x be (-24)/20*-3*5. What is the highest common factor of j and x?
9
Suppose -2*y = 2*h - 374, 5*y - 2*h = 281 + 675. What is the greatest common divisor of 19 and y?
19
Suppose -2*m + 33 = o + 2*o, 0 = 5*m - 4*o - 117. Let i be -118*(-2)/4 + -1 + 5. Calculate the highest common divisor of m and i.
21
Let g = 5 - -3. Suppose 0 = -3*i - 4*v + 5, -2*i + 5*v + g = -3. Let t be (-238)/(-6) + 1/i. Calculate the greatest common divisor of 8 and t.
8
Suppose -35*q + 532 = 3*q. Let j(p) = 15*p - 5. Let y be j(5). Calculate the highest common divisor of y and q.
14
Suppose -8*j = -5*j - 96. Calculate the greatest common divisor of 48 and j.
16
Let k(q) = -6*q - 2. Let r be k(-2). Let c = 375 - 111. Suppose 4*t = c + 56. Calculate the highest common factor of t and r.
10
Let n(k) = -9*k + 18. Let r be n(-19). Calculate the greatest common divisor of r and 27.
27
Let c(m) = m**3 + 7*m**2 + 8*m + 3. Let l be c(-6). Let s = l + 18. Let a be 11 - ((-3)/(-1) + -1). What is the greatest common factor of a and s?
9
Suppose -h = 2*h - 21. Let j = 11 - h. What is the greatest common factor of 12 and j?
4
Let t = 3 - 3. Suppose 5*k = -5*m + 15, 4*k + t*k - m - 32 = 0. Let j(w) = 4*w**2 - 8*w + 3. Let f be j(5). What is the highest common divisor of k and f?
7
Let g be 5*(3 - 1*(0 + -2)). What is the greatest common divisor of 225 and g?
25
Let p be 32*((-12)/(-8) - 1). What is the greatest common divisor of p and 24?
8
Let c(q) = 12*q + 4. Let a be c(-3). Let i = 49 + a. Suppose 4*l = -l + 340. What is the greatest common divisor of l and i?
17
Let a = -1 - -9. Calculate the greatest common factor of a and 2.
2
Let j = -12 + 6. Let l = 7 - j. Calculate the highest common factor of l and 13.
13
Suppose -8*o + 56 = -32. Calculate the highest common factor of o and 11.
11
Suppose g - 2*t = 9, 5*g + 3*t + 0 - 19 = 0. Suppose -5 = d + 3*v - 3, 5*d - 10 = g*v. Calculate the highest common factor of d and 7.
1
Let k(s) = s**2 - 2*s + 7. Let i be k(-6). What is the greatest common factor of 5 and i?
5
Let b = -8 + 20. Let u = b + 51. What is the highest common divisor of u and 9?
9
Let p be 62 - 1*(0 + -1). What is the greatest common divisor of p and 21?
21
Let z = 42 - 22. What is the greatest common divisor of 15 and z?
5
Suppose -5*b = 10*m - 7*m - 75, 0 = m - 5. Calculate the highest common factor of 15 and b.
3
Suppose 17 - 47 = -2*o. Let k(t) = -55*t + 3. Let u be k(3). Let a = 297 + u. What is the greatest common factor of a and o?
15
Let q be 4/6*(5 - -37). What is the greatest common factor of q and 84?
28
Let f = 4 + 0. Calculate the highest common factor of 28 and f.
4
Let g(z) = -z**2 + 8*z + 4. Let f be g(8). Let p be 4 + -2 - 2*3. Let l be -1*p/(-6)*-6. Calculate the greatest common factor of l and f.
4
Let i(c) = -c**3 - 5*c**2 - c - 6. Let a be i(-7). Calculate the highest common factor of a and 9.
9
Let b be ((-1)/(-2))/(6/348). Suppose i + 4*m - 37 = 0, -3*m + b + 10 = i. Let y be (-4)/14 + 37/7. What is the highest common divisor of y and i?
5
Let j be (-2)/(-6) - (3 - 2065/15). Calculate the highest common factor of 15 and j.
15
Let v(a) = -28*a**3 - a**2 - a. Let i be v(-1). Let h = i - 20. Let b be (-48)/((-3)/2*1). Calculate the greatest common factor of b and h.
8
Let i be 4/(-2) - (-47 - 0). Let l(b) = 7*b**3 + b. Let n be l(1). Let h be 18/n*(0 + 4). Calculate the greatest common divisor of h and i.
9
Suppose 4*b - b + 46 = 4*v, 0 = 5*b - 5*v + 70. Let y be (-69)/(-15) - (-6)/b. Let p be ((-2)/y)/((-3)/90). What is the highest common factor of 60 and p?
15
Suppose -4*s - 43 = 81. Let t = -19 - s. What is the highest common factor of 6 and t?
6
Let d be (10/3)/(2/6). Let k(t) = -4*t - 6. Let u be k(-9). Calculate the highest common divisor of d and u.
10
Let v(u) = -u**3 + 6*u**2 - 5*u. Let w = 8 - 3. Let f be v(w). Suppose 2*l - 3*l + 40 = f. What is the highest common divisor of l and 10?
10
Let s = 98 + -84. What is the highest common divisor of s and 21?
7
Suppose 5*q - 10 - 10 = 0. Let v = 4 + -2. Let x be (3/v)/((-12)/(-64)). What is the greatest common divisor of q and x?
4
Suppose w = -3*g + 12, 0*g - 5*g - 14 = -4*w. Let m(u) = -u**3 + 5*u**2 + 8*u. Let l be m(w). Calculate the highest common factor of l and 12.
12
Let j(m) = 35*m + 1. Let r be j(1). What is the highest common factor of r and 4?
4
Let t = 49 + -12. Calculate the highest common factor of t and 259.
37
Let l be (2 + 10)*(-1)/2. Let t be (l/15)/((-5)/1925). Calculate the greatest common factor of 14 and t.
14
Let j(y) be the first derivative of y**4/4 - y**3/3 - y**2/2 - 31*y - 1. Let p be j(0). Let o = 45 + p. What is the highest common divisor of 2 and o?
2
Suppose -x + 4 = -p, -2*x = -p - 3 - 3. Suppose -x*l - 8 = 0, 0 = 2*m - l + 5*l - 8. What is the highest common divisor of m and 12?
12
Let j be 3 + -6 + 3 + (3 - 2). Let n be ((-4)/6)/(2/(-12)). Let k be 2/n + (-2)/(-4). What is the greatest common divisor of j and k?
1
Let c be (9/(-6))/((-1)/4). Let f be c/15 + (-4)/10. Suppose f = q + 2*q - 120. Calculate the greatest common divisor of q and 10.
10
Suppose -44 = -4*x + 36. Suppose -2*u - 2*z = z - 2, 2*u - 4*z = 16. What is the greatest common factor of u and x?
4
Let q = 7 - -6. Suppose 0 = 8*u 